x) = 13 + 32*x - 19*x - 11*x. Does 11 divide q(10)?
True
Is (-120)/36*(-54)/5 a multiple of 8?
False
Suppose 5*p = 19 - 119. Let g = 26 + p. Does 6 divide g?
True
Let l(f) = 33*f**3 - f**2 + f + 2. Let w be l(-2). Is 2/(-11) - w/22 a multiple of 4?
True
Suppose 0 = 2*o - 58 - 54. Is 14 a factor of o?
True
Let o(l) = l**2 + 3*l - 11. Let w be o(-11). Suppose 25 = 5*x, 3*f - 2*x - w = -0*x. Is 16 a factor of f?
False
Let n be (-6*13)/(12/(-6)). Suppose 4 - n = -5*m. Is m a multiple of 2?
False
Let i(o) = -o**2 - 2*o - 2. Let z be i(-6). Let y = z + 54. Is y a multiple of 14?
True
Suppose 22 = a + 4*r, -6 = 2*a - 6*r + 4*r. Suppose v + 1 = 0, 7*v - 22 = -c + a*v. Is c a multiple of 9?
True
Let d(x) = -x + 6. Let q be d(8). Let g be -4 - -2*(-1)/q. Does 5 divide 4/g*(-15)/2?
True
Suppose -2*l = -3 - 1. Is 12 a factor of (l + 23 + 3)/1?
False
Let k = 31 + 15. Suppose h = -h + k. Is 23 a factor of h?
True
Let w be 1*(2 + 1) - 2. Is 6 a factor of 12 + 1 - -1*w?
False
Let b(v) = -v - 2. Let d be b(3). Let f(t) = 13*t**2 + 9*t + 10. Let g(x) = 7*x**2 + 4*x + 5. Let k(w) = 4*f(w) - 7*g(w). Is 16 a factor of k(d)?
False
Let s = 7 - 3. Let h(p) = p**3 - 4*p**2 + 2*p - 4. Is 4 a factor of h(s)?
True
Suppose -4*j + 23*j - 133 = 0. Does 7 divide j?
True
Let b(r) be the first derivative of -r**4/2 - 4*r**3/3 - 2*r**2 + r + 6. Is b(-3) a multiple of 10?
False
Let s(o) = o**3 - o**2 - o + 3. Let p be s(0). Suppose -f - p*f + 8 = 0. Does 2 divide f?
True
Suppose v = 11 + 143. Is v a multiple of 14?
True
Does 20 divide (27 - -2) + (3 - 7)?
False
Suppose -2*p - 2*z - 224 = -0*p, 4*p = -2*z - 440. Let m = -64 - p. Is 17 a factor of m?
False
Suppose -v + 3 = 0, 0*x = -x + v + 15. Let n be (-166)/x - 4/(-18). Let b = 23 + n. Is b a multiple of 8?
False
Let o(u) = u - 1. Let c be o(4). Suppose v - c*s + 8*s - 54 = 0, 0 = 2*v + 4*s - 84. Is v a multiple of 18?
False
Let i(y) = -y**3 + 6*y**2 - 6*y + 6. Let h be i(5). Is 2 a factor of ((-3)/(-6))/(h/14)?
False
Suppose s - 4*s - 6 = 0. Let k be (-8)/12 - 940/(-6). Does 11 divide s/(-3) - k/(-9)?
False
Let w(c) = -2*c**2 + 4*c - 3. Let s be w(2). Let p = 3 + s. Suppose 4*u + 3*z - 13 = 0, -2*z - 2 = -p. Does 4 divide u?
True
Let y be 23 - -2 - -3 - 2. Suppose b - y = 11. Is b a multiple of 31?
False
Suppose 7*g - 3*g - 12 = 0. Suppose -g*o + 0*o - 4*a + 148 = 0, 3*a + 15 = 0. Is 2/(o/(-30) + 2) a multiple of 6?
False
Suppose -3*s + 168 = 2*x, 5*s - 305 = -0*s + 5*x. Let u = -34 + s. Is 15 a factor of u?
False
Suppose 4*n = 2*u + 90, -u + 25 = 2*n + 2*u. Suppose -3*p + 6 = 4*d - 12, -4*d = 4*p - n. Suppose -p*l + 44 = 2*l. Does 6 divide l?
False
Let s(z) = 3*z**3 - z**2 - 2*z - 1. Let d be (2/(-6))/((-2)/12). Does 15 divide s(d)?
True
Suppose -2*z = -5*z + 513. Suppose -3*l - 131 = c, -5*c + 0*c - z = 4*l. Let s = -26 - l. Is s a multiple of 9?
True
Let v(k) = -k**3 - 6*k**2 - 2*k - 5. Suppose 3 = -4*l - 21. Does 7 divide v(l)?
True
Let f(i) = -i**3 - i**2 + i + 7. Is f(-4) a multiple of 19?
False
Let l = 25 - -14. Suppose n + 63 = 4*t - l, 0 = t + 3*n - 32. Is t a multiple of 13?
True
Let b(u) = -4*u - 4. Let h be b(4). Let o = 7 - 21. Let w = o - h. Does 2 divide w?
True
Let c = -8 - -6. Let v be 2*1/c - -6. Does 13 divide (16 - 1)*v/3?
False
Suppose -2*i - 2*r + 154 = i, i + 3*r = 49. Is i a multiple of 13?
True
Let g(h) = h**3 - 5*h**2 + h + 2. Is 7 a factor of g(5)?
True
Suppose -5*v + 516 + 174 = 0. Is 20 a factor of v?
False
Suppose 4*f + 44 = -f - s, 2*s - 2 = 0. Let m = f - -17. Is m a multiple of 4?
True
Suppose 18*a - 1656 = 6*a. Is a a multiple of 9?
False
Let f = -4 - -6. Suppose -4*k - 3*h + h + 198 = 0, f*k - h = 97. Let r = k - 29. Is r a multiple of 10?
True
Let r(n) = 236*n**2 - n - 1. Let j be r(-1). Does 10 divide 2/(-13) + j/13?
False
Suppose 4*w - 12 = 0, -w + 27 = 5*f - 2*w. Let j = -9 + f. Is 11 a factor of 9 - 2/j*3?
True
Suppose v = 2, -5*n + 2*v + 3 = -3. Is -1*((-66)/n)/3 a multiple of 6?
False
Let z(o) = -1 + 7 + 0*o - 2*o. Let j be z(-8). Let a = j - 6. Does 16 divide a?
True
Let d(b) = 6*b**2 + 1. Let x = 4 - 2. Let i = -4 + x. Is d(i) a multiple of 11?
False
Suppose 2*d - 2 - 10 = 0. Is 6 a factor of d?
True
Let x = 25 - 17. Does 2 divide x?
True
Suppose x - 5*x = -516. Is x a multiple of 19?
False
Let o = -4 - -8. Suppose -11 = h - 3*a + 4, -4*h + o*a = 20. Suppose -b + 5 = 10, h = -2*k - 3*b + 1. Does 4 divide k?
True
Suppose -62*w = -63*w + 199. Is 22 a factor of w?
False
Let d = 7 + 1. Let h be (-22 - 0)*d/(-16). Suppose -3*r - 5*y + 3 = -17, -2*r = y - h. Is r a multiple of 3?
False
Let k(z) be the first derivative of z**3/3 + 5*z**2/2 - 2. Let g be k(-4). Is 10 a factor of (-42)/(-4) + 2/g?
True
Suppose -b - 495 = -2*i - 3*i, 0 = 2*b. Suppose -4*p + 25 = p. Suppose -1 = -w, p*s - i - 99 = 2*w. Is 20 a factor of s?
True
Suppose 5*x - 204 = -4. Does 5 divide x?
True
Let g(a) = a**3 + a**2 + a - 53. Let t be g(0). Let c(p) = p**3 - 5*p**2 + 10*p - 8. Let x be c(6). Let y = x + t. Does 19 divide y?
False
Let u(a) = -a - 9. Let k be u(-7). Let n(d) = -13*d. Does 7 divide n(k)?
False
Let h(a) = -7*a**2 + 2*a - 1. Let z be h(1). Let w be ((-80)/z)/(3/(-9)). Let r = -22 - w. Is 18 a factor of r?
True
Let j(y) = y**3 + 5*y**2 - 5*y - 3. Let f be j(-5). Is 4 a factor of (-4)/22 + 180/f?
True
Let f = 11 - 6. Suppose 5*m - 31 = -w + 3, -2*m + 262 = f*w. Is 10 a factor of w?
False
Let q be ((-48)/10)/((-1)/20). Let s(x) = -x + 12. Let h be s(5). Suppose -4*d - q = -h*d. Is d a multiple of 15?
False
Let g(y) = -y**2 - 7*y - 7. Let n be g(-6). Let f(w) = 8*w - 2. Let v(c) = 4*c - 1. Let q(d) = 2*f(d) - 5*v(d). Is q(n) a multiple of 2?
False
Let h = 10 + -7. Suppose h*m = -0*m + 15. Does 5 divide m?
True
Suppose v - u = -4*u + 65, 5*v - 355 = -5*u. Is v a multiple of 26?
False
Suppose -v = -5*p - 4 + 59, -3*v = -2*p + 35. Is p a multiple of 5?
True
Suppose 5*p + c = 215, c - 37 = -p + 2*c. Does 12 divide p/4 + 6/4?
True
Suppose -5*q + 0*d + d + 261 = 0, 0 = 5*d - 20. Is q a multiple of 12?
False
Suppose r - 3*z = -8, 5*z = 3*r - 0*r + 16. Let j = 0 - r. Suppose -j*n + 1 = -59. Is 10 a factor of n?
True
Is 5/((-65)/(-3421)) + (-6)/39 a multiple of 22?
False
Suppose -2*l - 3*c - 9 = l, c = -3. Suppose d - m - 3*m - 80 = l, 4*m = 2*d - 164. Does 28 divide d?
True
Let d(f) = -f. Let j be d(-11). Is (j + -1)/2 - 1 even?
True
Let n(a) = -a**3 - 1 - 4*a**3 - 2*a - a**2 - 6*a**3. Is 11 a factor of n(-1)?
True
Let r(v) = -11*v - 3. Is r(-3) a multiple of 15?
True
Let m(a) = -28*a + 4. Does 12 divide m(-2)?
True
Let m(a) = 2*a**3 - 7*a**2 + 7*a - 4. Suppose 0 = -u + 4. Let y be m(u). Let l = y - 16. Does 24 divide l?
True
Let s(o) = o**2 - 4. Let v(n) = n + 12. Let f be v(-6). Is 23 a factor of s(f)?
False
Let y(s) = -s**2 - 7*s - 4. Let v be y(-6). Suppose -b - v*b = -84. Let j = b - 8. Is 8 a factor of j?
False
Suppose 0 = -4*i + 16, -h = -2*h - 2*i + 11. Suppose z + h = r, -r - r = -3*z - 4. Is z even?
True
Let q(t) = 2*t**3 + 2*t**2 - 3*t + 3. Let a be q(3). Suppose 2*k - a = -5*g, -3*g + 4*k = -0*k - 24. Is 11 a factor of g?
False
Let l = -2 + -2. Does 17 divide 2/l*(-110 - 0)?
False
Let x = -5 + 10. Suppose 168 = x*w + 13. Is 15 a factor of w?
False
Suppose 28 = 4*j + 4*c, -3*c = 4*j + j - 31. Suppose 0 = 3*s - j*v - 112, 3*s - 15 = -v + 85. Does 15 divide s?
False
Let o = 78 - 54. Is 24 a factor of o?
True
Let l = 674 - 414. Does 20 divide l?
True
Let i(r) = r**3 + r**2 + 2. Let v be i(3). Let d be (-8)/36 - v/(-9). Suppose -t - 3*a + 10 = 4*t, -3*t - d*a = 5. Does 2 divide t?
False
Let a = -1 + 6. Let s(v) = v - 3. Let b be s(a). Suppose -2*i - b*i + 20 = 0. Does 2 divide i?
False
Suppose -3*x + 26 + 1 = 0. Let v(g) = -9*g**3 + 21*g**2 + 21*g - 11. Let s(z) = 4*z**3 - 10*z**2 - 11*z + 6. Let d(h) = 7*s(h) + 3*v(h). Does 12 divide d(x)?
False
Let g = 7 + 128. Does 27 divide g?
True
Let j(b) = -149*b**3 + b**2 + 2*b + 1. Does 15 divide j(-1)?
False
Let o be -3*47*(-1)/3. Suppose -53 = -4*r + o. Is 17 a factor of r?
False
Let b be (-6)/(1 + (-26)/20). Let q(j) = -7*j - 3. Let s be q(-2). Let z = b - s. Is 5 a factor of z?
False
Suppose -1680 = -17*d + 9*d. Does 27 divide d?
False
Suppose 6*m = m + 450. Is 16 a factor of m?
False
Suppose 0 = -x + n - 1, 4*x - 9 - 2 = n. Suppose -x*r = -4*w - 0*r, -w - 